 = -2*f - 7*d + 1773, -2*d = -3*f + 2642. Calculate the highest common factor of 13 and f.
13
Suppose 3*u = 5*h + 131, 7*u = 12*u - 5*h - 235. Let d = 878 + -514. Calculate the highest common factor of d and u.
52
Let z(w) = -4 - 19 + 5*w**2 - 28*w + 42*w. Let g be z(3). What is the greatest common factor of 96 and g?
32
Let g = -69 + 69. Suppose g = b + 5, 5*f - 2*b - 75 = 0. Let s = f - -47. What is the highest common factor of s and 24?
12
Let q(k) = 2*k**3 - 3*k**2 - k - 4. Let f be q(3). Let x = -68 - -137. Let c be 32/96 - x/(-9). Calculate the greatest common divisor of f and c.
4
Suppose 0 = -58*x - 12*x + 4830 + 14070. Calculate the highest common factor of x and 594.
54
Suppose n - 36 = -3*n. Suppose -3*t - f = -8 + 13, -t - 15 = -3*f. Let a be 106/6 - t/n. Calculate the greatest common factor of a and 27.
9
Let o = -2127 + 2143. Calculate the highest common divisor of o and 12.
4
Let d = -369 - -374. Let j be ((-27)/(-15))/((-4)/d + 1). Calculate the highest common divisor of j and 459.
9
Let q(w) = 45*w**2 - 25*w - 3. Let x be q(-5). What is the highest common divisor of x and 258?
43
Suppose 2*j + 3*m = 133 - 116, 0 = -2*j - m + 27. Calculate the greatest common divisor of j and 592.
16
Let u(t) = t + 1. Let p(d) = 2*d. Let g(n) = -2*p(n) + 3*u(n). Let i be g(-1). What is the highest common divisor of i and 44?
4
Let v = -40031 + 40289. What is the greatest common divisor of v and 9374?
86
Let t be 40/19 + -2 - ((-257716)/361 + 18). Calculate the highest common factor of 87 and t.
87
Let c be 42/(-4) + -7 - (-1)/(-2). Let k = c + 22. Calculate the highest common factor of 3 and k.
1
Let b(g) = -7943*g - 23. Let i be b(-1). Suppose 961*q + i = 972*q. Calculate the highest common factor of 45 and q.
45
Suppose 94*o + 10*o = -12*o + 47212. What is the greatest common divisor of 99 and o?
11
Suppose -55 = 30*c - 14*c - 3255. What is the highest common factor of 300 and c?
100
Let s(r) = 3*r**2 + 15*r - 46. Suppose o + 2*p + 4 = 0, -5*o + 4*p = -27 - 9. Let t be s(o). Calculate the highest common factor of t and 155.
31
Let n be ((-20)/(-70))/((-3)/(-63) + 0). Let p be 194/n - 23/69. Suppose 114 + 18 = 3*c - 3*w, -3*w - 228 = -5*c. What is the highest common factor of p and c?
16
Suppose 2*k - 160 = -k - 4*v, 158 = 3*k + 5*v. Let y = -46 - -37. Let f be (-7 - y)/(1/7). Calculate the greatest common factor of f and k.
14
Let c(x) be the second derivative of -x**4/12 - 4*x**3/3 + 4*x**2 - 86*x. Let v = -16 - -9. Let y be c(v). Calculate the greatest common factor of 5 and y.
5
Let r = 3775 + -1812. Calculate the greatest common factor of r and 151.
151
Let v(i) = 21*i**2 + 13*i + 597. Let n be v(0). Calculate the greatest common factor of n and 6965.
199
Suppose 12*m = -79*m + 19656. What is the greatest common factor of 1755 and m?
27
Let y = -668 + 1102. Let b = -401 + y. What is the greatest common factor of 2 and b?
1
Suppose 2*c + 83 + 13 = 2*n, 246 = 5*n - 4*c. What is the greatest common factor of 13338 and n?
54
Let u(x) = 21*x + 419. Let p be u(-9). Suppose -348 = 191*t - 194*t - 2*j, 0 = 2*t + 2*j - p. What is the greatest common factor of t and 531?
59
Let n be 0/((-6 + 8)*-1). Suppose n = 8*b - 157 - 35. What is the highest common factor of b and 6?
6
Let m(z) = 189*z + 221. Let b be m(-1). Calculate the highest common factor of b and 3008.
32
Suppose -245 = -110*u - 135. What is the greatest common factor of 29 and u?
1
Suppose 2*k = -9 - 3. Let q(o) = 4*o + 9. Let z be q(k). Let l be -2 - ((z - -2) + 2). Calculate the highest common divisor of 18 and l.
9
Suppose 0*m = -m. Let a(o) = o**2 + 5*o + 12. Let j be a(m). Suppose 5*i - 58 = -2*w + w, 2*i = -2*w + 100. What is the highest common factor of j and w?
12
Let p = -17 + 26. Let f be 30 + 3*12/p. Let s = 39 - f. Calculate the highest common divisor of s and 15.
5
Let l be ((1 + -1)/5)/(-2). Suppose 2*v + v - 9 = l. Suppose -44 = -v*m - 8. What is the highest common factor of 72 and m?
12
Suppose 2*y + 3 = 9. Let z = -98 + 100. Suppose -2*h - z*h = 5*c - 18, c - h = 9. What is the greatest common factor of y and c?
3
Let g = 52 + 4. Suppose 4*v + 4*v = g. Let i(k) = 6*k**2 + 7*k - 57. Let q be i(v). What is the highest common factor of 22 and q?
22
Let j = -8 - -1. Let p(q) be the second derivative of -q**4/12 - 7*q**3/6 + q**2/2 - 2*q - 227. Let x be p(j). Calculate the greatest common factor of 5 and x.
1
Let l = 494 - 490. Let f(v) = 14*v**2 - 7*v - 20. Let q be f(l). Calculate the greatest common factor of q and 16.
16
Let o(s) be the first derivative of 11 - 19*s + 5 - 6*s**2 + 8*s**2. Let c be o(13). What is the greatest common factor of c and 11?
11
Suppose v - 2 = 4*k + 21, k = 2*v - 11. Let s be 195/40 + k + 137/8. Let g = s - -13. Calculate the greatest common factor of g and 75.
15
Let z(y) = y**3 + 9*y**2 - 19*y - 18. Let a be z(-12). Let v = -176 - a. What is the greatest common divisor of 161 and v?
23
Let f be (106/212)/((-2)/(-3) - (-63)/(-96)). What is the greatest common factor of f and 27?
3
Let r = -24 + 46. Let t(b) = 11*b + 11. Let n(f) = 11*f - 16. Let k be n(2). Let d be t(k). What is the greatest common factor of d and r?
11
Suppose -4*b = -54 + 10. Let k(x) = 21*x + 1909. Let s be k(-38). What is the highest common divisor of s and b?
11
Let d(r) = 4*r**2 - 1 - 40*r + 2*r**2 + 43*r. Let m be d(-3). Let h = 50 - m. Calculate the highest common divisor of h and 60.
6
Suppose -5*h + 8*h = -g - 10, 3*g = -5*h - 22. Let a be (-209)/g + -3 + 11/4. What is the greatest common factor of a and 8?
4
Suppose -4*a = 5*o - 30 - 78, -5*a = -4*o - 135. Let l be 2203/4 - (2 + a/(-12)). What is the greatest common factor of l and 19?
19
Let i = -542 - -808. Let v(c) = -c**2 + 58*c + 722. Let a be v(68). Calculate the greatest common divisor of i and a.
14
Suppose 2*h - 44 = -2*h - 2*w, 0 = -h - 5*w + 20. Let d be 1/1*(0 - (7 + -1 + -46)). Calculate the highest common factor of h and d.
10
Let p(n) = 2*n - n - 2 - 6*n**3 + 1 + 2. Let y be p(-3). What is the greatest common factor of y and 5?
5
Suppose 3*q + 446 = s - 142, 2*s - 1194 = -3*q. Calculate the highest common factor of s and 110.
22
Let i = -130 + 960. Let q be -5 + (-4 - -11) + i. Calculate the highest common factor of q and 52.
52
Let g(c) = c**2 + 3*c + 19. Let l be g(5). Let a = -26 + l. Let s = 66 + a. What is the greatest common factor of s and 11?
11
Let n be 6/(-9)*(27 - 63). Let d(y) = 79*y**2 + 2*y. Let a be d(-2). Calculate the greatest common divisor of a and n.
24
Let a be (-13)/(-39) - (-5)/((-30)/(-2536)). Calculate the greatest common divisor of 564 and a.
141
Let t be 2/24 - (0 + (-3901)/(-12)). Let f = -299 - t. Calculate the greatest common divisor of 182 and f.
26
Let i be 1 + (32 - (5 + -1)). Suppose i*a - 17*a = 36. What is the highest common divisor of 6 and a?
3
Suppose -i + 2*o + 437 = -o, 0 = 3*o. Suppose 0 = -d - 407 + i. Calculate the greatest common divisor of 42 and d.
6
Suppose 0 = 70*t - 2609 - 3691. Calculate the highest common factor of t and 95.
5
Let y = -9892 + 14272. Suppose -23*k = -11*k - y. Calculate the greatest common divisor of k and 73.
73
Suppose -5*j - 50 = 55. Let s = -4 - j. Let o(y) = 137*y**3 - 2*y**2 - y + 2. Let b be o(1). Calculate the greatest common divisor of s and b.
17
Let b = -33 + 53. Let x be (3 - 1419/(-15))*10/(-2). Let m = -468 - x. What is the greatest common divisor of b and m?
20
Let i = 188 - 137. Suppose l + 1 = 2*a + a, -2 = -3*a + 2*l. Suppose -z + a*z = -17. Calculate the highest common factor of i and z.
17
Let q = -1755 + 1845. Calculate the greatest common factor of 64980 and q.
90
Let f = 280 - 88. Suppose 14*x - 1148 = 1960. Let m be (-9)/(-5 + x/48). Calculate the highest common factor of m and f.
24
Let b be 25*(-11 - (-456)/40). Let i be (2 + 10/(-4))*-60. Calculate the highest common factor of b and i.
10
Suppose 177*k + 48840 = 189*k. What is the highest common factor of k and 330?
110
Let s be 252/98*5544/216. Let m(o) = o**2 + 6*o + 1. Let d be m(-7). Suppose d*p = 4*p + 8, -20 = -3*w - p. What is the highest common factor of w and s?
6
Suppose 3*a + s - 23 = 0, -5*s + 2*s - 15 = -5*a. Suppose 2*l - 92 = 3*x - 7*x, 0 = 5*l + 5*x - 235. Calculate the greatest common divisor of l and a.
6
Let a be 44962/32 - 21/(-7056)